{"id":5373,"date":"2018-09-17T15:35:57","date_gmt":"2018-09-17T13:35:57","guid":{"rendered":"http:\/\/www.ffzg.unizg.hr\/centar\/?page_id=5373"},"modified":"2021-12-06T12:30:36","modified_gmt":"2021-12-06T10:30:36","slug":"visnja-spiljak","status":"publish","type":"page","link":"https:\/\/centar.ffzg.unizg.hr\/?page_id=5373","title":{"rendered":"Vi\u0161nja \u0160piljak"},"content":{"rendered":"<p><a href=\"mailto:visnja.spiljak@gmail.com\">visnja.spiljak@gmail.com<\/a><\/p>\n<p>Vi\u0161nja \u0160piljak, ro\u0111ena 1962. godine u Zagrebu je diplomirana profesorica njema\u010dkog jezika i povijesti umjetnosti. Nakon zavr\u0161enog srednjo\u0161kolskog obrazovanja u Centru za upravu i pravosu\u0111e diplomirala je 1993. na Filozofskom fakultetu u Zagrebu. Od 1989. sura\u0111uje s Centrom za strane jezike kao vanjski suradnik odnosno profesorica na te\u010dajevima njema\u010dkog jezika.<\/p>\n","protected":false},"excerpt":{"rendered":"<p>visnja.spiljak@gmail.com Vi\u0161nja \u0160piljak, ro\u0111ena 1962. godine u Zagrebu je diplomirana profesorica njema\u010dkog jezika i povijesti umjetnosti. Nakon zavr\u0161enog srednjo\u0161kolskog obrazovanja u Centru za upravu i pravosu\u0111e diplomirala je 1993. na Filozofskom fakultetu u Zagrebu. Od 1989. sura\u0111uje s Centrom za strane jezike kao vanjski suradnik odnosno profesorica na te\u010dajevima njema\u010dkog jezika.<\/p>\n","protected":false},"author":3,"featured_media":0,"parent":0,"menu_order":0,"comment_status":"closed","ping_status":"closed","template":"","meta":{"footnotes":""},"class_list":["post-5373","page","type-page","status-publish","hentry"],"_links":{"self":[{"href":"https:\/\/centar.ffzg.unizg.hr\/index.php?rest_route=\/wp\/v2\/pages\/5373","targetHints":{"allow":["GET"]}}],"collection":[{"href":"https:\/\/centar.ffzg.unizg.hr\/index.php?rest_route=\/wp\/v2\/pages"}],"about":[{"href":"https:\/\/centar.ffzg.unizg.hr\/index.php?rest_route=\/wp\/v2\/types\/page"}],"author":[{"embeddable":true,"href":"https:\/\/centar.ffzg.unizg.hr\/index.php?rest_route=\/wp\/v2\/users\/3"}],"replies":[{"embeddable":true,"href":"https:\/\/centar.ffzg.unizg.hr\/index.php?rest_route=%2Fwp%2Fv2%2Fcomments&post=5373"}],"version-history":[{"count":2,"href":"https:\/\/centar.ffzg.unizg.hr\/index.php?rest_route=\/wp\/v2\/pages\/5373\/revisions"}],"predecessor-version":[{"id":5485,"href":"https:\/\/centar.ffzg.unizg.hr\/index.php?rest_route=\/wp\/v2\/pages\/5373\/revisions\/5485"}],"wp:attachment":[{"href":"https:\/\/centar.ffzg.unizg.hr\/index.php?rest_route=%2Fwp%2Fv2%2Fmedia&parent=5373"}],"curies":[{"name":"wp","href":"https:\/\/api.w.org\/{rel}","templated":true}]}}