{"id":805,"date":"2014-07-02T16:38:32","date_gmt":"2014-07-02T16:38:32","guid":{"rendered":"http:\/\/wp.ffzg.unizg.hr\/centar-probni\/?page_id=805"},"modified":"2026-03-25T16:10:44","modified_gmt":"2026-03-25T14:10:44","slug":"kuzic-tina-prof","status":"publish","type":"page","link":"https:\/\/centar.ffzg.unizg.hr\/?page_id=805","title":{"rendered":"dr. sc. Tina Miholjan\u010dan, vi\u0161i predava\u010d"},"content":{"rendered":"<p><img loading=\"lazy\" decoding=\"async\" class=\"alignnone wp-image-1150 size-full\" src=\"https:\/\/centar.ffzg.unizg.hr\/wp-content\/uploads\/2014\/03\/line1tan.jpg\" alt=\"line1tan\" width=\"981\" height=\"3\" srcset=\"https:\/\/centar.ffzg.unizg.hr\/wp-content\/uploads\/2014\/03\/line1tan.jpg 981w, https:\/\/centar.ffzg.unizg.hr\/wp-content\/uploads\/2014\/03\/line1tan-300x1.jpg 300w, https:\/\/centar.ffzg.unizg.hr\/wp-content\/uploads\/2014\/03\/line1tan-624x1.jpg 624w\" sizes=\"auto, (max-width: 981px) 100vw, 981px\" \/><\/p>\n<p>\n<table id=\"tablepress-98\" class=\"tablepress tablepress-id-98\">\n<thead>\n<tr class=\"row-1\">\n\t<th class=\"column-1\"><img loading=\"lazy\" decoding=\"async\" src=\"https:\/\/centar.ffzg.unizg.hr\/wp-content\/uploads\/2014\/09\/TinaK.jpg\" alt=\"\" width=\"75\" height=\"100\" class=\"aligncenter size-full wp-image-2625\" \/><\/th><th class=\"column-2\">Konzultacije: <strong>ponedjeljak, 11:30 - 12:30 h<\/strong><br \/>\nKabinet: <strong>B - 326<\/strong><br \/>\nTelefon: <strong>+385 1 4092 073<\/strong><br \/>\nE-mail: <a href=\"mailto:tina.miholjancan@m.ffzg.hr\">tina.miholjancan@m.ffzg.hr<\/a><\/th>\n<\/tr>\n<\/thead>\n<tbody class=\"row-striping row-hover\">\n<\/tbody>\n<\/table>\n<strong><img loading=\"lazy\" decoding=\"async\" class=\"alignnone wp-image-1150 \" src=\"https:\/\/centar.ffzg.unizg.hr\/wp-content\/uploads\/2014\/03\/line1tan.jpg\" alt=\"line1tan\" width=\"981\" height=\"3\" srcset=\"https:\/\/centar.ffzg.unizg.hr\/wp-content\/uploads\/2014\/03\/line1tan.jpg 981w, https:\/\/centar.ffzg.unizg.hr\/wp-content\/uploads\/2014\/03\/line1tan-300x1.jpg 300w, https:\/\/centar.ffzg.unizg.hr\/wp-content\/uploads\/2014\/03\/line1tan-624x1.jpg 624w\" sizes=\"auto, (max-width: 981px) 100vw, 981px\" \/><\/strong><\/p>\n\n<table id=\"tablepress-87\" class=\"tablepress tablepress-id-87\">\n<thead>\n<tr class=\"row-1\">\n\t<td class=\"column-1\"><\/td><td class=\"column-2\"><\/td>\n<\/tr>\n<\/thead>\n<tbody class=\"row-striping row-hover\">\n<tr class=\"row-2\">\n\t<td class=\"column-1\"><strong>Kolegiji:<\/strong><\/td><td class=\"column-2\">Engleski jezik za akademske potrebe 1<br \/>\nEngleski jezik za akademske potrebe 2<br \/>\nEngleski jezik za psihologe 1<br \/>\nEngleski jezik za psihologe 2<br \/>\nEngleski jezik za akademske potrebe 3<br \/>\nEngleski jezik za akademske potrebe 4<\/td>\n<\/tr>\n<tr class=\"row-3\">\n\t<td class=\"column-1\"><strong>Biografija:<\/strong><\/td><td class=\"column-2\">Tina Miholjan\u010dan ro\u0111ena je 1978. u Friedrichshafenu, SR Njema\u010dka. Zavr\u0161ila je studij anglistike i germanistike na Filozofskom fakultetu u Zagrebu 2004. godine te stekla zvanje profesora engleskog jezika i knji\u017eevnosti i njema\u010dkog jezika i knji\u017eevnosti. Tijekom studija poha\u0111ala je jednomjese\u010dnu ljetnu \u0161kolu o metodici nastave njema\u010dkog jezika na Sveu\u010dili\u0161tu u Essenu, SR Njema\u010dka, kao stipendist Njema\u010dke slu\u017ebe za akademsku razmjenu (DAAD). Od 2004. do 2008. godine radi kao stru\u010dna suradnica u Centru za strane jezike Filozofskog fakulteta u Zagrebu te kao izvo\u0111a\u010d kolegija Engleski jezik struke 1 i 2 na Agronomskom fakultetu u Zagrebu. 2008. godine izabrana je u nastavno zvanje predava\u010da, a 2013. u zvanje vi\u0161eg predava\u010da te u okviru preddiplomskih i diplomskih studija na Filozofskom fakultetu u Zagrebu predaje kolegije Engleski jezik za akademske potrebe 1 i 2 i Engleski jezik struke za psihologe 1 i 2. Doktorirala je 2026. godine obraniv\u0161i disertaciju pod naslovom 'Engleski i hrvatski modalni glagoli u znanstvenim radovima iz podru\u010dja lingvistike' (mentorica: prof. dr. sc. Irena Zovko Dinkovi\u0107). Od 2004. g. do danas stru\u010dno se usavr\u0161avala u Devonu, M\u00fcnchenu, Edinburghu, Dublinu, Oxfordu, Harrogateu i Manchesteru, kao i poha\u0111ala niz predavanja i radionica u Hrvatskoj za nastavnike engleskog i njema\u010dkog jezika.<\/td>\n<\/tr>\n<tr class=\"row-4\">\n\t<td class=\"column-1\"><strong>Stru\u010dna usavr\u0161avanja:<\/strong><\/td><td class=\"column-2\"><strong>04.\/2015.<\/strong> IATEFL conference, Manchester, UK<br \/>\n<br \/>\n<strong>04.\/2014. <\/strong>IATEFL conference, Harrogate, UK<br \/>\n<br \/>\n<strong>07.\/2012.<\/strong>        Oxford Teachers' Academy, Oxford, England (stipendija \u2013 Oxford University Press)<br \/>\n<br \/>\n<strong>07.\/2012.<\/strong>        Overseas Teachers\u2019 Course, Alpha College of English, Dublin, Ireland (stipendija - Grundtvig program)<br \/>\n<br \/>\n<strong>07.\/2009.<\/strong>        Culture, Language &amp; Methodology in English Language Teaching, Edinburgh, Scotland Institute for Applied Language Studies, University of Edinburgh,<br \/>\n<br \/>\n<strong>07. - 08.\/2007.<\/strong>  stipendija Goethe-Instituta, M\u00fcnchen, SR Njema\u010dka Seminar \u00abUnterrichtshospitationen und Methodik\/Didaktik (A1 - B2)\u00bb<br \/>\n<br \/>\n<strong>07.\/2006.<\/strong>      SOL In-service Course in Teacher training, Barnstaple, Devon, England<\/td>\n<\/tr>\n<tr class=\"row-5\">\n\t<td class=\"column-1\"><strong>\u010clanstva:<\/strong><\/td><td class=\"column-2\">Hrvatsko udru\u017eenje profesora engleskog jezika (HUPE)<br \/>\nInternational Association of Teachers of English as a Foreign Language (IATEFL) <br \/>\nHrvatsko udru\u017eenje profesora njema\u010dkog jezika (KDV) <\/td>\n<\/tr>\n<tr class=\"row-6\">\n\t<td class=\"column-1\"><strong>Izlaganja na znanstvenim i stru\u010dnim skupovima:<\/strong><\/td><td class=\"column-2\"><strong>04.\/2015.<\/strong> IATEFL conference, Manchester, UK. Izlaganje: EAP writing:<br \/>\nteaching strategies for effective paraphrasing.<br \/>\n<br \/>\n<strong>09.\/2014.<\/strong> 7th International Conference on The Importance of Learning Professional Foreign Languages for Communication between Cultures, Maribor, Slovenia. Izlaganje:The Use of Podcasts in LSP courses<br \/>\n<br \/>\n<strong>09.\/2014.<\/strong> 7th International Conference on The Importance of Learning Professional Foreign Languages for Communication between Cultures, Maribor, Slovenia. Izlaganje: Challenges of Teaching an ESAP and EGAP course<br \/>\n<br \/>\n<strong>09.\/2011.<\/strong>   4th International Conference on The Importance of Learning Professional Foreign Languages for Communication between Cultures, Celje, Slovenia Izlaganje: Films: The Intercultural Dimension of Teaching and Learning in an LSP course<br \/>\n<br \/>\n<strong>09.\/2010. <\/strong>  3rd International Conference on The Importance of Learning Professional Foreign Languages for Communication between Cultures, Celje, Slovenia  Izlaganje: Enhancing the Learner\u2019s Cultural Competence through Technology<br \/>\n<br \/>\n<strong>04.\/2010.<\/strong>   19th Annual HUPE conference, Opatija, Hrvatska<br \/>\nRadionica: The Importance of Culture Classes in EAP courses<br \/>\n<br \/>\n<strong>04.\/2009.<\/strong>   18th Annual HUPE conference, Opatija, Hrvatska<br \/>\nRadionica: Introducing Learning Stations into the EAP classroom<br \/>\n<br \/>\n<strong>04.\/2007.<\/strong>    15th Annual HUPE conference, \u0160ibenik, Hrvatska<br \/>\nIzlaganje: Academic writing<br \/>\n<br \/>\n<strong>05.\/2006.<\/strong>   HDPL: 20. znanstveni skup s me\u0111unarodnim sudjelovanjem Izlaganje: Kanak Sprak kao jezi\u010dni simbol hibridnog identiteta<\/td>\n<\/tr>\n<tr class=\"row-7\">\n\t<td class=\"column-1\"><strong>Izbor iz bibliografije:<\/strong><\/td><td class=\"column-2\"><a href=\"http:\/\/koha.ffzg.hr\/bibliografija\/706.html\">Bibliografija<\/a><\/td>\n<\/tr>\n<\/tbody>\n<tfoot>\n<tr class=\"row-8\">\n\t<td class=\"column-1\"><\/td><td class=\"column-2\"><\/td>\n<\/tr>\n<\/tfoot>\n<\/table>\n\n","protected":false},"excerpt":{"rendered":"","protected":false},"author":1,"featured_media":0,"parent":0,"menu_order":0,"comment_status":"closed","ping_status":"closed","template":"page-templates\/full-width.php","meta":{"footnotes":""},"class_list":["post-805","page","type-page","status-publish","hentry"],"_links":{"self":[{"href":"https:\/\/centar.ffzg.unizg.hr\/index.php?rest_route=\/wp\/v2\/pages\/805","targetHints":{"allow":["GET"]}}],"collection":[{"href":"https:\/\/centar.ffzg.unizg.hr\/index.php?rest_route=\/wp\/v2\/pages"}],"about":[{"href":"https:\/\/centar.ffzg.unizg.hr\/index.php?rest_route=\/wp\/v2\/types\/page"}],"author":[{"embeddable":true,"href":"https:\/\/centar.ffzg.unizg.hr\/index.php?rest_route=\/wp\/v2\/users\/1"}],"replies":[{"embeddable":true,"href":"https:\/\/centar.ffzg.unizg.hr\/index.php?rest_route=%2Fwp%2Fv2%2Fcomments&post=805"}],"version-history":[{"count":45,"href":"https:\/\/centar.ffzg.unizg.hr\/index.php?rest_route=\/wp\/v2\/pages\/805\/revisions"}],"predecessor-version":[{"id":10243,"href":"https:\/\/centar.ffzg.unizg.hr\/index.php?rest_route=\/wp\/v2\/pages\/805\/revisions\/10243"}],"wp:attachment":[{"href":"https:\/\/centar.ffzg.unizg.hr\/index.php?rest_route=%2Fwp%2Fv2%2Fmedia&parent=805"}],"curies":[{"name":"wp","href":"https:\/\/api.w.org\/{rel}","templated":true}]}}