{"id":818,"date":"2014-07-02T16:51:31","date_gmt":"2014-07-02T16:51:31","guid":{"rendered":"http:\/\/wp.ffzg.unizg.hr\/centar-probni\/?page_id=818"},"modified":"2021-12-06T11:57:14","modified_gmt":"2021-12-06T09:57:14","slug":"mr-sc-fabrio-arijela","status":"publish","type":"page","link":"https:\/\/centar.ffzg.unizg.hr\/?page_id=818","title":{"rendered":"dr. sc. Arijela Fabrio, vi\u0161i predava\u010d"},"content":{"rendered":"<p><img loading=\"lazy\" decoding=\"async\" class=\"alignnone wp-image-1150 \" src=\"https:\/\/centar.ffzg.unizg.hr\/wp-content\/uploads\/2014\/03\/line1tan.jpg\" alt=\"line1tan\" width=\"981\" height=\"3\" srcset=\"https:\/\/centar.ffzg.unizg.hr\/wp-content\/uploads\/2014\/03\/line1tan.jpg 981w, https:\/\/centar.ffzg.unizg.hr\/wp-content\/uploads\/2014\/03\/line1tan-300x1.jpg 300w, https:\/\/centar.ffzg.unizg.hr\/wp-content\/uploads\/2014\/03\/line1tan-624x1.jpg 624w\" sizes=\"auto, (max-width: 981px) 100vw, 981px\" \/><\/p>\n\n<table id=\"tablepress-106\" class=\"tablepress tablepress-id-106\">\n<thead>\n<tr class=\"row-1\">\n\t<th class=\"column-1\"><img loading=\"lazy\" decoding=\"async\" src=\"https:\/\/centar.ffzg.unizg.hr\/wp-content\/uploads\/2014\/07\/ari.jpg\" alt=\"\" width=\"74\" height=\"100\" class=\"aligncenter size-full wp-image-1819\" \/><\/th><th class=\"column-2\">Konzultacije: <strong> utorak 17:15 - 18:00 h<\/a><\/strong><br \/>\nKabinet: <strong>B - 324<\/strong><br \/>\nTelefon: <strong>+385 1 4092 091<\/strong><br \/>\nE-mail: <a href=\"mailto:afabrio@m.ffzg.hr\">afabrio@m.ffzg.hr<\/a><\/th>\n<\/tr>\n<\/thead>\n<tbody class=\"row-striping row-hover\">\n<\/tbody>\n<\/table>\n\n<p><img loading=\"lazy\" decoding=\"async\" class=\"alignnone wp-image-1150 \" src=\"https:\/\/centar.ffzg.unizg.hr\/wp-content\/uploads\/2014\/03\/line1tan.jpg\" alt=\"line1tan\" width=\"981\" height=\"3\" srcset=\"https:\/\/centar.ffzg.unizg.hr\/wp-content\/uploads\/2014\/03\/line1tan.jpg 981w, https:\/\/centar.ffzg.unizg.hr\/wp-content\/uploads\/2014\/03\/line1tan-300x1.jpg 300w, https:\/\/centar.ffzg.unizg.hr\/wp-content\/uploads\/2014\/03\/line1tan-624x1.jpg 624w\" sizes=\"auto, (max-width: 981px) 100vw, 981px\" \/><\/p>\n\n<table id=\"tablepress-89\" class=\"tablepress tablepress-id-89\">\n<thead>\n<tr class=\"row-1\">\n\t<td class=\"column-1\"><\/td><td class=\"column-2\"><\/td>\n<\/tr>\n<\/thead>\n<tbody class=\"row-striping row-hover\">\n<tr class=\"row-2\">\n\t<td class=\"column-1\"><strong>Kolegiji:<\/strong><\/td><td class=\"column-2\"><strong>Preddiplomski studij<\/strong><br \/>\nTalijanski jezik 1 \u2013 razina A1<br \/>\nTalijanski jezik 2 \u2013 razina A1<br \/>\nTalijanski jezik 1 \u2013 razina A2<br \/>\nTalijanski jezik 2 \u2013 razina A2<br \/>\nTalijanski jezik za akademske potrebe 1 \u2013 razina B1<br \/>\nTalijanski jezik za akademske potrebe 2 \u2013 razina B1<br \/>\n<br \/>\n<strong>Diplomski studij<\/strong><br \/>\nTalijanski jezik za akademske potrebe 1<br \/>\nTalijanski jezik za akademske potrebe 2<br \/>\nTalijanski jezik za akademske potrebe 3<br \/>\nTalijanski jezik za akademske potrebe 4<\/td>\n<\/tr>\n<tr class=\"row-3\">\n\t<td class=\"column-1\"><strong>Biografija:<\/strong><\/td><td class=\"column-2\"><strong>2020.<\/strong> Obranjen doktorski rad iz znanstvenog podru\u010dja humanisti\u010dkih znanosti - polje filologija: \"Matilde Serao i Marija Juri\u0107 Zagorka - dva modela \u017eenskog knji\u017eevnog i dru\u0161tvenog anga\u017emana na razme\u0111i devetnaestog i dvadesetog stolje\u0107a\"<br \/>\n<br \/>\n<strong>2010. -<\/strong> Poslijediplomski doktorski studij, znanstveno podru\u010dje humanisti\u010dkih znanosti, polje filologija, grana romanistika, talijanska knji\u017eevnost.<br \/>\n<br \/>\n<strong>2008.<\/strong> magistrirala na Filozofskom fakultetu, znanstveno podru\u010dje humanisti\u010dkih znanosti, polje filologija, grana romanistika, talijanska knji\u017eevnost, tema \u201ePoetika Marchese Colombi\u201c.<br \/>\n<br \/>\n<strong>2008.<\/strong> Izabrana u nastavno zvanje vi\u0161eg predava\u010da u podru\u010dju humanisti\u010dkih znanosti, polje filologija, grana romanistika, talijanska knji\u017eevnost na Filozofskom fakultetu Sveu\u010dili\u0161ta u Zagrebu, u Centru za strane jezike Filozofskog fakulteta.<br \/>\n<br \/>\n<strong>2006 - 2008.<\/strong> voditeljica Centra za strane jezike Filozofskog fakulteta u Zagrebu.<br \/>\n<br \/>\n<strong>2003.<\/strong> Izabrana u nastavno zvanje predava\u010da u podru\u010dju humanisti\u010dkih znanosti, polje filologija, grana romanistika, talijanska knji\u017eevnost na Filozofskom fakultetu Sveu\u010dili\u0161ta u Zagrebu, u Centru za strane jezike Filozofskog fakulteta.<br \/>\n<br \/>\n<strong>1993 - 2003.<\/strong>  stru\u010dna suradnica za talijanski jezik u Centru za strane jezike Filozofskog fakulteta<\/td>\n<\/tr>\n<tr class=\"row-4\">\n\t<td class=\"column-1\"><strong>Stru\u010dna usavr\u0161avanja:<\/strong><\/td><td class=\"column-2\"><strong>1990.<\/strong> stipendija Talijanskog kulturnog Centra u Firenzi,  stru\u010dna predavanja iz podru\u010dja lingvistike, knji\u017eevnosti i umjetnosti za profesore talijanskog jezika pri \u00abIstituto Europeo di Firenze\u00bb<br \/>\n<br \/>\n<strong>1992.<\/strong> petomjese\u010dna stipendija Ministarstva vanjskih poslova Republike Italije, diplomatska \u0161kola u Rimu, nakon polo\u017eenog ispita iz podru\u010dja povijesti, prava, ekonomije, kulture i civilizacije diploma \u00abmladog diplomata\u00bb Republike Italije<\/td>\n<\/tr>\n<tr class=\"row-5\">\n\t<td class=\"column-1\"><strong>\u010clanstva:<\/strong><\/td><td class=\"column-2\"><\/td>\n<\/tr>\n<tr class=\"row-6\">\n\t<td class=\"column-1\"><strong>Izlaganja na znanstvenim i stru\u010dnim skupovima:<\/strong><\/td><td class=\"column-2\"><\/td>\n<\/tr>\n<tr class=\"row-7\">\n\t<td class=\"column-1\"><strong>Izbor iz bibliografije:<\/strong><\/td><td class=\"column-2\"><a href=\"http:\/\/koha.ffzg.hr\/bibliografija\/698.html\">Bibliografija<\/a><\/td>\n<\/tr>\n<\/tbody>\n<tfoot>\n<tr class=\"row-8\">\n\t<td class=\"column-1\"><\/td><td class=\"column-2\"><\/td>\n<\/tr>\n<\/tfoot>\n<\/table>\n\n","protected":false},"excerpt":{"rendered":"","protected":false},"author":1,"featured_media":0,"parent":0,"menu_order":0,"comment_status":"closed","ping_status":"closed","template":"page-templates\/full-width.php","meta":{"footnotes":""},"class_list":["post-818","page","type-page","status-publish","hentry"],"_links":{"self":[{"href":"https:\/\/centar.ffzg.unizg.hr\/index.php?rest_route=\/wp\/v2\/pages\/818","targetHints":{"allow":["GET"]}}],"collection":[{"href":"https:\/\/centar.ffzg.unizg.hr\/index.php?rest_route=\/wp\/v2\/pages"}],"about":[{"href":"https:\/\/centar.ffzg.unizg.hr\/index.php?rest_route=\/wp\/v2\/types\/page"}],"author":[{"embeddable":true,"href":"https:\/\/centar.ffzg.unizg.hr\/index.php?rest_route=\/wp\/v2\/users\/1"}],"replies":[{"embeddable":true,"href":"https:\/\/centar.ffzg.unizg.hr\/index.php?rest_route=%2Fwp%2Fv2%2Fcomments&post=818"}],"version-history":[{"count":32,"href":"https:\/\/centar.ffzg.unizg.hr\/index.php?rest_route=\/wp\/v2\/pages\/818\/revisions"}],"predecessor-version":[{"id":6422,"href":"https:\/\/centar.ffzg.unizg.hr\/index.php?rest_route=\/wp\/v2\/pages\/818\/revisions\/6422"}],"wp:attachment":[{"href":"https:\/\/centar.ffzg.unizg.hr\/index.php?rest_route=%2Fwp%2Fv2%2Fmedia&parent=818"}],"curies":[{"name":"wp","href":"https:\/\/api.w.org\/{rel}","templated":true}]}}