{"id":8698,"date":"2022-12-02T11:29:27","date_gmt":"2022-12-02T09:29:27","guid":{"rendered":"https:\/\/centar.ffzg.unizg.hr\/?page_id=8698"},"modified":"2025-10-08T11:21:37","modified_gmt":"2025-10-08T09:21:37","slug":"ana-matijevic-lecturer","status":"publish","type":"page","link":"https:\/\/centar.ffzg.unizg.hr\/?page_id=8698&lang=en","title":{"rendered":"Ana Matijevi\u0107, Lecturer"},"content":{"rendered":"\n<p><strong>Phone: +385 1 40 92 091<br>E-mail: <\/strong><a href=\"mailto:amatijevic@m.ffzg.hr\"><strong>amatijevic@m.ffzg.hr<\/strong><\/a><\/p>\n\n\n\n<p><strong>Work Experience, including previous positions and titles:<\/strong><br><strong>2017<\/strong> \u2013 Spanish Language Lecturer &#8211; teaching Spanish for Specific and Academic Purposes to students of Humanistic and Social Sciences disciplines at the Faculty of Humanities and Social Sciences University of Zagreb<br><strong>2002 \u2013 2017<\/strong> Expert Associate for Spanish Language at the Center for Foreign Languages, Faculty of Humanities and Social Sciences<br><strong>1998 \u2013 2002<\/strong> Freelance Translator<br><strong>1994 \u2013 1998<\/strong> Interpreter and Translator in ECTF and ECHO<br><br><strong>Education:<\/strong><br>M.A. in Spanish and Latin Language and Literature &#8211; Graduated Spanish and Latin Language and Literature from the Faculty of Humanities and Social Sciences, University of Zagreb<br><br><strong>Projects:<\/strong><br>Erasmus + CBHE Project<br>Reforming Foreign Languages in Academia in Montenegro (Re-FLAME) \u2013 CBHE 609778 (2019-2022)<br>Partner\u2019s coordinator<br><br><strong>Conducted workshops:<\/strong><br>Erasmus + CBHE Project Reforming Languages in Academia in Montenegro:<br>&#8220;From foreign language teaching methodology to syllabus design&#8221;, Online workshop, September 21st \u2013 October 2nd, 2020.<br>&#8220;Blended language learning: best practices and new perspectives&#8221;, Online workshop, April 12th\u2013 23rd, 2021.<br><br><strong>Translated books from Spanish language:<\/strong><br>Magla, Miguel de Unamuno, Demetra, Zagreb, 2000.<br>Velika knjiga igara, Profil International, Zagreb, 2000.<br>Svjetla boemije, Ram\u00f3n del Valle \u2013 Incl\u00e1n, Demetra, Zagreb, 2001.<br>Trafalgar, Benito P\u00e9rez Gald\u00f3s, Demetra, Zagreb, 2002.<br>Lov na posljednjeg divljeg mu\u0161karca, \u00c1ngela Vallvey, Mirakul, Zagreb, 2003.<br>Posjed Ulloa, Emilia Pardo Baz\u00e1n, Demetra, Zagreb, 2004.<br>Roditelji i djeca: kako zajedno?, Profil International, Zagreb, 2004.<br>Kako nau\u010diti djecu spavati, dr. Eduard Estivill, Mozaik knjiga, Zagreb, 2006.<br>Na\u0161a \u017eiva zemlja, Profil International, Zagreb, 2006.<br>\u017divot na zemlji, Profil International, Zagreb, 2006.<br>Velika knjiga igara 2, Profil International, Zagreb, 2007.<br>Ikigai &#8211; japanska tajna za dug i sretan \u017eivot, H\u00e9ctor Garc\u00eda, Francesc Miralles, Mozaik knjiga, Zagreb, 2018.<br>Ikigai u praksi, H\u00e9ctor Garc\u00eda, Francesc Miralles, Mozaik knjiga, Zagreb, 2019.<br>Ichigo Ichie &#8211; Japansko umije\u0107e \u017eivljenja u trenutku, H\u00e9ctor Garc\u00eda (Kirai), Francesc Miralles, Mozaik knjiga, Zagreb, 2020.<br><br><strong>Expert papers:<\/strong><br>Barbari\u0107, Petra; Matijevi\u0107, Ana (2019), Usage of Idioms in Teaching Intercultural Aspects in LSP Courses, Proceedings of the 10th International Language Conference on the Importance of Learning Professional Foreign Languages for Communication between Cultures \/ Gaj\u0161t, Nata\u0161a ; Plos, Alenka ; Vi\u010di\u010d, Polona (ur.).<br>Maribor: Univerza v Mariboru, Ekonomsko-poslovna fakulteta, str. 21.-30.<br><br><strong>Presented Papers in Conferences:<\/strong><br>&#8220;El cine en las clases de ELE&#8221;, Seminar metodike za profesore \u0161panjolskog jezika kao stranog jezika, ICCU, Dubrovnik, Croatia, July, 2004.<br>\u201eLa formaci\u00f3n pr\u00e1ctica de los futuros ense\u00f1antes de ELE: observaciones y experiencias\u201c, ICCU, Dubrovnik, Croatia, July 2008.<br>&#8220;Learnathon &#8211; u\u010denje 21. stolje\u0107a&#8221;, 18. CARNetova korisni\u010dka konferencija CUC 2016., Rovinj, Croatia, November, 2016.<br>&#8220;Interaktivnost i suradnja kroz Spiral&#8221;, 19. CARNetova korisni\u010dka konferencija CUC 2017., Dubrovnik, Croatia, November, 2017.<br>&#8220;Usage of Idioms in Teaching Intercultural Aspects in LSP Courses&#8221;, 10. me\u0111unarodna jezi\u010dna konferencija &#8220;The Importance of Learning Professional Foreign Languages for Communication between Cultures&#8221;, Celje, Slovenia, September, 2018.<br>&#8220;Teaching and learning language for specific purposes in University of Zagreb&#8221;, Okrugli stol &#8220;Nastava jezika struke na Sveu\u010dili\u0161tu u Zagrebu i sveu\u010dili\u0161tima Crne Gore&#8221;, Zagreb, Croatia, February, 2022.<\/p>\n","protected":false},"excerpt":{"rendered":"<p>Phone: +385 1 40 92 091E-mail: amatijevic@m.ffzg.hr Work Experience, including previous positions and titles:2017 \u2013 Spanish Language Lecturer &#8211; teaching Spanish for Specific and Academic Purposes to students of Humanistic and Social Sciences disciplines at the Faculty of Humanities and Social Sciences University of Zagreb2002 \u2013 2017 Expert Associate for Spanish Language at the Center [&hellip;]<\/p>\n","protected":false},"author":3,"featured_media":0,"parent":0,"menu_order":0,"comment_status":"closed","ping_status":"closed","template":"","meta":{"footnotes":""},"class_list":["post-8698","page","type-page","status-publish","hentry"],"_links":{"self":[{"href":"https:\/\/centar.ffzg.unizg.hr\/index.php?rest_route=\/wp\/v2\/pages\/8698","targetHints":{"allow":["GET"]}}],"collection":[{"href":"https:\/\/centar.ffzg.unizg.hr\/index.php?rest_route=\/wp\/v2\/pages"}],"about":[{"href":"https:\/\/centar.ffzg.unizg.hr\/index.php?rest_route=\/wp\/v2\/types\/page"}],"author":[{"embeddable":true,"href":"https:\/\/centar.ffzg.unizg.hr\/index.php?rest_route=\/wp\/v2\/users\/3"}],"replies":[{"embeddable":true,"href":"https:\/\/centar.ffzg.unizg.hr\/index.php?rest_route=%2Fwp%2Fv2%2Fcomments&post=8698"}],"version-history":[{"count":3,"href":"https:\/\/centar.ffzg.unizg.hr\/index.php?rest_route=\/wp\/v2\/pages\/8698\/revisions"}],"predecessor-version":[{"id":10130,"href":"https:\/\/centar.ffzg.unizg.hr\/index.php?rest_route=\/wp\/v2\/pages\/8698\/revisions\/10130"}],"wp:attachment":[{"href":"https:\/\/centar.ffzg.unizg.hr\/index.php?rest_route=%2Fwp%2Fv2%2Fmedia&parent=8698"}],"curies":[{"name":"wp","href":"https:\/\/api.w.org\/{rel}","templated":true}]}}