{"id":9395,"date":"2024-04-24T16:25:59","date_gmt":"2024-04-24T14:25:59","guid":{"rendered":"https:\/\/centar.ffzg.unizg.hr\/?page_id=9395"},"modified":"2024-04-24T16:26:00","modified_gmt":"2024-04-24T14:26:00","slug":"izvedbeni-plan-nastave-francuskog-jezika-2-razina-a1","status":"publish","type":"page","link":"https:\/\/centar.ffzg.unizg.hr\/?page_id=9395","title":{"rendered":"Izvedbeni plan nastave francuskog jezika 2 \u2013 razina A1"},"content":{"rendered":"\n<table id=\"tablepress-385\" class=\"tablepress tablepress-id-385\">\n<tbody class=\"row-striping row-hover\">\n<tr class=\"row-1\">\n\t<td class=\"column-1\"><strong>Nositelj kolegija<\/strong><\/td><td class=\"column-2\">Jasna \u0106iri\u0107<\/td>\n<\/tr>\n<tr class=\"row-2\">\n\t<td class=\"column-1\"><strong>Naziv kolegija<\/strong><\/td><td class=\"column-2\">Francuski jezik 2 \u2013 razina A1<\/td>\n<\/tr>\n<tr class=\"row-3\">\n\t<td class=\"column-1\"><strong>Bodovna vrijednost (broj bodova po ECTS sustavu)<\/strong><\/td><td class=\"column-2\">2<\/td>\n<\/tr>\n<tr class=\"row-4\">\n\t<td class=\"column-1\"><strong>Na\u010din izvo\u0111enja (broj sati P+V+S+e-u\u010denje)<\/strong><\/td><td class=\"column-2\">30 S + e-u\u010denje (Omega)<\/td>\n<\/tr>\n<tr class=\"row-5\">\n\t<td class=\"column-1\"><strong>Opis kolegija<\/strong><\/td><td class=\"column-2\"><\/td>\n<\/tr>\n<tr class=\"row-6\">\n\t<td class=\"column-1\"><strong>Ciljevi kolegija<\/strong><\/td><td class=\"column-2\">Usvajanje osnovnih jezi\u010dnih kompetencija u svrhu razvijanja strategija \u010ditanja, pisanja i izra\u017eavanja na francuskom jeziku.<\/td>\n<\/tr>\n<tr class=\"row-7\">\n\t<td class=\"column-1\"><strong>O\u010dekivani ishodi u\u010denja na razini kolegija<\/strong><\/td><td class=\"column-2\">1. Osmisliti jednostavna pitanja i odgovore o pro\u0161lim doga\u0111ajima i budu\u0107im planovima.<br \/>\n2. Izdvojiti osnovne informacije iz autenti\u010dnog slu\u0161nog materijala.<br \/>\n3. Izdvojiti bitne elemente iz kratkog teksta.<br \/>\n4. Prikupiti osnovne informacije u elektroni\u010dkim medijima ili tiskanim materijalima.<br \/>\n5. Prirediti i odr\u017eati usmeno izlaganje na odabranu temu.  <\/td>\n<\/tr>\n<tr class=\"row-8\">\n\t<td class=\"column-1\"><strong>Opis sadr\u017eaja kolegija<\/strong><\/td><td class=\"column-2\">1. tjedan<br \/>\nStrip u francuskoj kulturi, tradicija i va\u017enost.<br \/>\n2. tjedan<br \/>\nFrancuski identitet.    <br \/>\nPrezent (ponavljanje).   <br \/>\n3. tjedan<br \/>\nUpoznavanje s nekim gradovima francuskog govornog podru\u010dja (tekst, video, razgovor).<br \/>\nBudu\u0107e vrijeme.                  <br \/>\n4. tjedan<br \/>\nPlaniranje putovanja i slobodne aktivnosti.<br \/>\n5. tjedan<br \/>\nPosjet muzeju. Predstavljanje nekih od francuskih muzeja (tekst, video, razgovor).<br \/>\n6. tjedan<br \/>\nObrazovanje u Francuskoj (tekst i razgovor).<br \/>\n7. tjedan<br \/>\nVokabular vezan uz u\u010denje, ispite, razgovor o studiju (tekst, razgovor).<br \/>\n8. tjedan<br \/>\nStudentski poslovi i zanimanja.<br \/>\n9. tjedan<br \/>\nPerfekt pravilnih i nepravilnih glagola.<br \/>\n10. tjedan<br \/>\nRazgovor o doga\u0111ajima u pro\u0161losti.<br \/>\n11. tjedan<br \/>\nKulturna doga\u0111anja: kazali\u0161te i kino predstave, izlo\u017ebe, koncerti.<br \/>\n12. tjedan<br \/>\nVokabular vezan uz film.<br \/>\nPisanje kratkog osvrta o filmu.  <br \/>\n13. tjedan<br \/>\nStudentska izlaganja na odabranu temu vezanu uz francusko govorno podru\u010dje (slu\u0161anje, rasprava, pisani tekst).<br \/>\n14. tjedan<br \/>\nStudentska izlaganja na odabranu temu vezanu uz francusko govorno podru\u010dje (slu\u0161anje, rasprava, pisani tekst).<br \/>\n15. tjedan<br \/>\nPonavljanje gradiva kroz razgovore u malim grupama.<\/td>\n<\/tr>\n<\/tbody>\n<\/table>\n\n","protected":false},"excerpt":{"rendered":"","protected":false},"author":3,"featured_media":0,"parent":0,"menu_order":0,"comment_status":"closed","ping_status":"closed","template":"","meta":{"footnotes":""},"class_list":["post-9395","page","type-page","status-publish","hentry"],"_links":{"self":[{"href":"https:\/\/centar.ffzg.unizg.hr\/index.php?rest_route=\/wp\/v2\/pages\/9395","targetHints":{"allow":["GET"]}}],"collection":[{"href":"https:\/\/centar.ffzg.unizg.hr\/index.php?rest_route=\/wp\/v2\/pages"}],"about":[{"href":"https:\/\/centar.ffzg.unizg.hr\/index.php?rest_route=\/wp\/v2\/types\/page"}],"author":[{"embeddable":true,"href":"https:\/\/centar.ffzg.unizg.hr\/index.php?rest_route=\/wp\/v2\/users\/3"}],"replies":[{"embeddable":true,"href":"https:\/\/centar.ffzg.unizg.hr\/index.php?rest_route=%2Fwp%2Fv2%2Fcomments&post=9395"}],"version-history":[{"count":1,"href":"https:\/\/centar.ffzg.unizg.hr\/index.php?rest_route=\/wp\/v2\/pages\/9395\/revisions"}],"predecessor-version":[{"id":9397,"href":"https:\/\/centar.ffzg.unizg.hr\/index.php?rest_route=\/wp\/v2\/pages\/9395\/revisions\/9397"}],"wp:attachment":[{"href":"https:\/\/centar.ffzg.unizg.hr\/index.php?rest_route=%2Fwp%2Fv2%2Fmedia&parent=9395"}],"curies":[{"name":"wp","href":"https:\/\/api.w.org\/{rel}","templated":true}]}}