{"id":9529,"date":"2024-04-29T09:57:09","date_gmt":"2024-04-29T07:57:09","guid":{"rendered":"https:\/\/centar.ffzg.unizg.hr\/?page_id=9529"},"modified":"2024-04-29T09:57:10","modified_gmt":"2024-04-29T07:57:10","slug":"izvedbeni-plan-nastave-francuskog-jezika-1-razina-a2","status":"publish","type":"page","link":"https:\/\/centar.ffzg.unizg.hr\/?page_id=9529","title":{"rendered":"Izvedbeni plan nastave francuskog jezika 1 \u2013 razina A2"},"content":{"rendered":"\n<table id=\"tablepress-400\" class=\"tablepress tablepress-id-400\">\n<tbody class=\"row-striping row-hover\">\n<tr class=\"row-1\">\n\t<td class=\"column-1\"><strong>Nositelj kolegija<\/strong><\/td><td class=\"column-2\">Jasna \u0106iri\u0107<\/td>\n<\/tr>\n<tr class=\"row-2\">\n\t<td class=\"column-1\"><strong>Naziv kolegija<\/strong><\/td><td class=\"column-2\">Francuski jezik 1 \u2013 razina A2<\/td>\n<\/tr>\n<tr class=\"row-3\">\n\t<td class=\"column-1\"><strong>Bodovna vrijednost (broj bodova po ECTS sustavu)<\/strong><\/td><td class=\"column-2\">2<\/td>\n<\/tr>\n<tr class=\"row-4\">\n\t<td class=\"column-1\"><strong>Na\u010din izvo\u0111enja (broj sati P+V+S+e-u\u010denje)<\/strong><\/td><td class=\"column-2\">30 S + e-u\u010denje (Omega)<\/td>\n<\/tr>\n<tr class=\"row-5\">\n\t<td class=\"column-1\"><strong>Opis kolegija<\/strong><\/td><td class=\"column-2\"><\/td>\n<\/tr>\n<tr class=\"row-6\">\n\t<td class=\"column-1\"><strong>Ciljevi kolegija<\/strong><\/td><td class=\"column-2\">Usvajanje osnovnih i specifi\u010dnih jezi\u010dnih kompetencija u svrhu razvijanja strategija \u010ditanja, pisanja i izra\u017eavanja na francuskom jeziku (na razini A2 prema ZEROJ-u).<\/td>\n<\/tr>\n<tr class=\"row-7\">\n\t<td class=\"column-1\"><strong>Uvjeti za upis kolegija i \/ ili ulazne kompetencije potrebne za kolegij<\/strong><\/td><td class=\"column-2\">Za upis kolegija potrebno je imati predznanje iz francuskog jezika na po\u010detnoj razini A2 prema ZEROJ-u<\/td>\n<\/tr>\n<tr class=\"row-8\">\n\t<td class=\"column-1\"><strong>O\u010dekivani ishodi u\u010denja na razini kolegija<\/strong><\/td><td class=\"column-2\">1. \u010citaju\u0107i razumjeti jednostavne tekstove i prepri\u010dati ih.<br \/>\n2. Izdvojiti osnovne i specifi\u010dne informacije iz srednje dugog teksta<br \/>\n3. Izdvojiti osnovne i specifi\u010dne informacije iz slu\u0161nih materijala.<br \/>\n4. Upotrebljavati jezi\u010dne strukture potrebne za izra\u017eavanje pro\u0161losti.<\/td>\n<\/tr>\n<tr class=\"row-9\">\n\t<td class=\"column-1\"><strong>Opis sadr\u017eaja kolegija<\/strong><\/td><td class=\"column-2\">1. tjedan<br \/>\nPredstavljanje kolegija i na\u010dina rada, uvod u sadr\u017eaj kolegija.<br \/>\n2. tjedan<br \/>\nDru\u0161tvene mre\u017ee. Prijateljski odnosi. (tekst, razgovor). Relativne zamjenice QUI i QUE <br \/>\n3. tjedan<br \/>\nOdavanje po\u010dasti nekoj osobi. Tvorba imenica i pridjeva. Slaganje participa  <br \/>\n4. tjedan<br \/>\nEvociranje pozitivnih promjena. Komparativ. Imperfekt <br \/>\n5. tjedan<br \/>\nOpis nekog susreta. Struktura teksta. Upotreba perfekta i imperfekta. Nepravilni participi <br \/>\n6. tjedan<br \/>\nPoezija. Barbara, Jacques Prevert<br \/>\n7. tjedan<br \/>\nErasmus, iskustvo (tekst, video, razgovor). Pluskvaperfekt<br \/>\n8. tjedan<br \/>\nProfesionalno iskustvo (test, razgovor). Prilozi<br \/>\n9. tjedan<br \/>\nOglasi za posao. Prilo\u0161ke odredbe za vrijeme<br \/>\n10. tjedan<br \/>\nMotivacijsko pismo. Pisanje CV<br \/>\n11. tjedan<br \/>\nDavanje savjeta. Modalni glagoli, imperativ<br \/>\n12. tjedan<br \/>\n\u0160kolski sustav u Francuskoj. Obvezna praksa<br \/>\n13. tjedan<br \/>\n Francuzi i na\u010din \u017eivota u Francuskoj. Tekst i razgovor.<br \/>\n14. tjedan<br \/>\nRelativne zamjenice DONT i OU<br \/>\n15. tjedan<br \/>\nPonavljanje gradiva.<\/td>\n<\/tr>\n<\/tbody>\n<\/table>\n\n","protected":false},"excerpt":{"rendered":"","protected":false},"author":3,"featured_media":0,"parent":0,"menu_order":0,"comment_status":"closed","ping_status":"closed","template":"","meta":{"footnotes":""},"class_list":["post-9529","page","type-page","status-publish","hentry"],"_links":{"self":[{"href":"https:\/\/centar.ffzg.unizg.hr\/index.php?rest_route=\/wp\/v2\/pages\/9529","targetHints":{"allow":["GET"]}}],"collection":[{"href":"https:\/\/centar.ffzg.unizg.hr\/index.php?rest_route=\/wp\/v2\/pages"}],"about":[{"href":"https:\/\/centar.ffzg.unizg.hr\/index.php?rest_route=\/wp\/v2\/types\/page"}],"author":[{"embeddable":true,"href":"https:\/\/centar.ffzg.unizg.hr\/index.php?rest_route=\/wp\/v2\/users\/3"}],"replies":[{"embeddable":true,"href":"https:\/\/centar.ffzg.unizg.hr\/index.php?rest_route=%2Fwp%2Fv2%2Fcomments&post=9529"}],"version-history":[{"count":1,"href":"https:\/\/centar.ffzg.unizg.hr\/index.php?rest_route=\/wp\/v2\/pages\/9529\/revisions"}],"predecessor-version":[{"id":9531,"href":"https:\/\/centar.ffzg.unizg.hr\/index.php?rest_route=\/wp\/v2\/pages\/9529\/revisions\/9531"}],"wp:attachment":[{"href":"https:\/\/centar.ffzg.unizg.hr\/index.php?rest_route=%2Fwp%2Fv2%2Fmedia&parent=9529"}],"curies":[{"name":"wp","href":"https:\/\/api.w.org\/{rel}","templated":true}]}}